+ 4*v. Let n be p(4). Suppose 15*s - n*s + 140 = 0. List the prime factors of s.
2, 7
Let w(j) be the third derivative of j**5/60 + j**4/24 - j**3 + 9*j**2. List the prime factors of w(6).
2, 3
Let n be 2/(2/3) + 2. Suppose n*k + 18 = 3*i, -5*i + 8 = -2*k - 3*i. What are the prime factors of (-4 + (-3 - -4))*k?
3
Suppose -39*u = -85141 - 76943. What are the prime factors of u?
2, 1039
Suppose -2*s = 5*q + 17, -4*s + 5*q + 10 = -31. Suppose 79 - 275 = -s*l. What are the prime factors of l?
7
Suppose 0 = 5*h - 25, 0*h + 5 = 5*l - h. Suppose p = -4*z + 20 - 2, l*p - 3*z + 8 = 0. Suppose j - 7*x + p*x = -6, 20 = 4*x. List the prime factors of j.
19
Suppose 8 = 5*c - 2. Suppose -24*q = -21*q + 5*g + 16, -16 = -2*q + 2*g. Suppose q*u - 39 = c*u. List the prime factors of u.
3, 13
Let a be 36/21 + (-2)/(-7). Suppose -7 = -u - 3*x, x - 5*x + 22 = -5*u. What are the prime factors of (-52)/8*a*u?
2, 13
Let i = 28 + -52. Let a be 36/21 - 26/(-91). Let l = a - i. What are the prime factors of l?
2, 13
Let s(x) = x**3 - 11*x**2 + 18*x - 3. Let y be s(9). List the prime factors of -1 + -3 - (4 + 129/y).
5, 7
Suppose 7030 = 9*r - 1799. List the prime factors of r.
3, 109
Suppose 3688 = f + 3*a, f + 13*a - 17*a - 3681 = 0. What are the prime factors of f?
5, 11, 67
Let g(z) = 340*z + 12. List the prime factors of g(2).
2, 173
Let t(a) = -a**2 - 21*a + 13. Let b be t(-18). Suppose o - 28 = b. What are the prime factors of o?
5, 19
Suppose 3*l = -3*t + 32 + 37, 19 = t - l. Let s = t + 10. List the prime factors of s.
31
Suppose 183*i - 214*i = -16337. What are the prime factors of i?
17, 31
Suppose 360 = 4*o - l - 904, 2*o - 632 = 4*l. List the prime factors of o.
2, 79
Let p be (4836/18)/(-2 + 14/6). Suppose -5*c = -4*z - p, 3*c + 178 = 4*c - 5*z. What are the prime factors of c?
2, 79
Suppose -22 = -4*s + 18. Suppose -p - s = 5*x - 95, 0 = 4*x + 4*p - 84. Suppose -u + x = 2*u + 2*m, u - 4*m = -18. List the prime factors of u.
2
Let l = 0 - -5. Suppose -l*u = 37 + 53. List the prime factors of (-53)/(-3) + (-6)/u.
2, 3
Suppose -5*r + 401 = d, -236 = -3*r + 2*d + 2*d. Suppose 173 = 5*z + j, -r = -4*z + 4*j + 44. List the prime factors of z.
2, 17
Suppose -879 = -u + 47. List the prime factors of u.
2, 463
Let f = -12 + 24. Suppose 4*i - 20 = -3*d, 4*i = d - 0*i - f. What are the prime factors of d?
2
Suppose -1 + 10 = 3*u. Suppose 4*s - 5*z = -0*s + 3, -u*z - 3 = -3*s. Suppose s*m = 26 + 6. List the prime factors of m.
2
Suppose 0 = -49*x - 10*x + 111392. List the prime factors of x.
2, 59
Suppose -25*y - 1755 = -34*y. List the prime factors of y.
3, 5, 13
Suppose 0 = -5*t + 8 + 2. Suppose -t*l = w + 2*w - 6, -5*w - 3*l = -9. Suppose w = -m + 46 - 4. What are the prime factors of m?
2, 3, 7
Suppose 0 = -5*y + y + 2*h - 122, 101 = -4*y - 5*h. Let m = -29 - y. What are the prime factors of 3 - (6 + m) - -53?
2, 5
Let x = 120 - 146. Let p = x - -152. List the prime factors of p.
2, 3, 7
Let b(x) = 235*x + 32. What are the prime factors of b(4)?
2, 3
Let n(g) = g**2 + 10*g + 1 + 0*g**2 + 3 - 2. Let o be n(-9). List the prime factors of (o - -1)*25/(-10).
3, 5
Let x(w) = -9 + 6 + 15 - 10*w. Let s be x(8). What are the prime factors of (12/4)/(-6)*s?
2, 17
Suppose -3*y + 2788 = 5*o, -2*y + 4651 = 3*y + 4*o. List the prime factors of y.
7, 19
Let w(l) = -l + 13. Let t be w(11). Suppose t*z - 87 = -z. What are the prime factors of z?
29
Let z(d) = d**3 - 31*d**2 - 18*d + 49. List the prime factors of z(32).
7, 71
Let i = 715 + 122. What are the prime factors of i?
3, 31
Suppose 314 = -14*t + 12*t. Let h = t + 222. List the prime factors of h.
5, 13
Suppose -2*g = 39 - 67. Suppose g*j = 208 + 464. What are the prime factors of j?
2, 3
Let m(k) = 11*k**2 + 3*k + 1. Let a be (-311)/(-7) + 6/(-14). Let u be (-4 + a/12)*6. List the prime factors of m(u).
3, 13
Let w(z) be the third derivative of z**4/3 - z**3/6 + 41*z**2. What are the prime factors of w(4)?
31
Let k = -313 + 482. What are the prime factors of k?
13
Suppose 0 = -3*l + 3*r + 357, l - r - r - 119 = 0. List the prime factors of l.
7, 17
Let h = -25 - -25. List the prime factors of (-3 + h/(-1))*-76.
2, 3, 19
Let s(z) = 7*z**3 - 2*z**2 + 3*z - 4. Let o be s(2). Let x = o - -119. Suppose -167 = -4*q + 3*p, -3*p = -5*q + 42 + x. List the prime factors of q.
2, 11
Let k(j) = -7*j**2 + 9 + 1 + 17*j + j**3 - 6*j**2. Let c be (-1)/6 - (-9)/(216/292). List the prime factors of k(c).
2, 5, 7
Suppose 0 = 2*i - 30 - 0. Let z be 3/(-9) + 50/i. Suppose -2*r + 19 = -z*n, -3*n + 76 = 3*r + 2*n. What are the prime factors of r?
17
Let r = 6281 + -3248. List the prime factors of r.
3, 337
Let t = -41 + 41. Suppose 4*d + t*d = 92. What are the prime factors of -2 + d + (-1 - 2)?
2, 3
Let s(i) = -i**2 + 7*i - 5. Let h be s(5). Let v(p) = 0 - 5 + 3*p + p - 1. List the prime factors of v(h).
2, 7
Suppose a - 165 = -4*g, 0*g + 2*g - 318 = -2*a. Suppose 200 = -4*h - 2*q, -3*h + 9 = 2*q + a. Let z = -25 - h. List the prime factors of z.
3
List the prime factors of ((-6596)/102)/(0 - 2/9).
3, 97
Let q(x) = 69*x**2 - 34*x + 7. What are the prime factors of q(-7)?
2, 7, 37
Let z be 6/2 - (5 - 8). What are the prime factors of 94/(9/z + 3 + -4)?
2, 47
List the prime factors of 495 - ((-2 - 0) + -5).
2, 251
Let k(p) = 45*p + 30. Let h be k(-16). List the prime factors of 60/9*h/(-25).
2, 23
Let y = 1967 + -4047. Let z = 3226 + y. What are the prime factors of z/24 - (-1)/4?
2, 3
Suppose -17497 = -11*q + 23302. List the prime factors of q.
3709
Suppose -5*h = -3*h + 2. Suppose -3*n - x + 11 = -3*x, -3*x = 4*n + 8. What are the prime factors of 42*(n + h/7)?
2, 3
Let j(x) = x**2. Let d(k) = -4*k**2 + 4*k - 4. Let t(o) = -d(o) + 2*j(o). Let m be 3/6 + (-1)/(8/(-20)). What are the prime factors of t(m)?
2, 23
Let k = 6 - -13. Let q = -13 + k. List the prime factors of (-7*q)/(2/(-4)).
2, 3, 7
Suppose -c = c - 4. What are the prime factors of -5 + c + -1 - (-7 + -20)?
23
Let d(b) = -11*b - 14. List the prime factors of d(-22).
2, 3, 19
Let k(y) = 171*y + 8. What are the prime factors of k(1)?
179
Suppose 2609 + 3495 = 8*p. What are the prime factors of p?
7, 109
Let b = 60 + -48. Suppose 5*c + 13 = -a, -2*a + 8 = -c + 1. Let y = c + b. What are the prime factors of y?
3
Let c(a) = -a**2 + 9*a + 5. Let y be c(9). Let j(p) = 3*p**2 - 8*p + 3. What are the prime factors of j(y)?
2, 19
Let i = -80 - -84. Suppose -3*q = -7*q + i, 3*c = 2*q + 79. What are the prime factors of c?
3
Let n(r) = -146*r**3 - 3 + 4 + r + 41*r**3. List the prime factors of n(-1).
3, 5, 7
Suppose -2*s - 5*s + 924 = 0. Suppose 0*j + 5*j + 3*v - s = 0, 4*v - 88 = -3*j. What are the prime factors of j?
2, 3
Let k(a) = -3*a - 1 + 4 + 4*a. Let o = 25 + -22. List the prime factors of k(o).
2, 3
Suppose 0 = -5*l - 3*c + 13 - 86, -l + 4*c = 10. Let y(j) = -j**3 - 7*j**2 + 5*j + 8. Let w be y(-7). Let m = l - w. List the prime factors of m.
13
Suppose 0 = 31*j - 21647 - 14995. List the prime factors of j.
2, 3, 197
Let r be (674/(-6) - 0)/((-23)/69). Suppose r = 6*u - 209. List the prime factors of u.
7, 13
Suppose -1447*y = -1453*y + 9018. What are the prime factors of y?
3, 167
Let w(s) be the first derivative of 3*s**2/2 + 7*s - 11. What are the prime factors of w(6)?
5
What are the prime factors of (58626/(-4 - 5))/(-2)?
3257
Let d be 2/8 - (-10)/(-40). Suppose d*t = -3*t + 6. Suppose 4*k - 50 = t. What are the prime factors of k?
13
Let a be 2 - (2 - 1) - 19. Let n = 68 + a. What are the prime factors of n?
2, 5
Suppose 2*y + 3*j + 8 + 1 = 0, 0 = -2*y + 2*j + 16. What are the prime factors of 102 - y*(1 - 0)?
3, 11
Let y be -103 - (8 + -4 - 0). Let a = -76 - y. What are the prime factors of a?
31
Let v(j) = 3*j**2 - 9*j + 136. List the prime factors of v(-25).
2, 13, 43
Let d(v) = -5*v + 1. Let l be d(3). Let h(y) = y + 31. What are the prime factors of h(l)?
17
Suppose -9 = 3*c, -3*y + c + 1026 = -0*y. Suppose -5*j + 3*d - d = -405, 5*d + y = 4*j. What are the prime factors of j?
79
Let s(v) = 2*v**2 - 5*v + 4*v**2 - 7*v + 28 - 5*v**2. What are the prime factors of s(15)?
73
Let g(x) = -x**3 + 4*x**2 + 2*x - 1. Let v(t) = 3*t + 3 + 5*t - 13*t. Let s be v(1). List the prime factors of g(s).
19
Let k(t) = -4*t + 29. List the prime factors of k(-23).
11
Suppose -5*s = -5*b - 